 - 2937 = -579. What is the remainder when w is divided by 53?
50
Calculate the remainder when 94 is divided by (-5)/(-30)*-3 + 29/2.
10
Let z = 452 + -273. Let g = 1511 + -1497. Calculate the remainder when z is divided by g.
11
Let l(b) = -b + 1. Let c(k) = -6*k + 4. Let g(s) = c(s) - 3*l(s). Let m be g(8). Let u = m - -48. Calculate the remainder when u is divided by 13.
12
Let w = -118 + 250. Calculate the remainder when w is divided by 46.
40
Suppose 15*i - 50 - 145 = 0. Let s = -2 - -4. What is the remainder when i is divided by 6 - (s + -2 + 1)?
3
Suppose -2*d + 104 = 4*w, 2*w = -3*d + 209 - 53. Calculate the remainder when d is divided by 13.
0
Let v(d) = d**3 + 10*d**2 - 16*d - 13. Let b be v(-11). Suppose -r = -7*r + b. Calculate the remainder when 26 is divided by r.
5
Let i(p) = -8*p - 3. Suppose -3*h - 6 = 3*r, 3*h - 5*h + 5*r + 3 = 0. What is the remainder when 16 is divided by i(h)?
1
Calculate the remainder when 45 is divided by (3 + 5*-4)*(-5 - -4).
11
Suppose 0 = t + 5*b - 18, 2*t = 4*b - 9 + 73. What is the remainder when 67 is divided by t?
11
Let d be (-1 - 8/(-12))*3. Let r be ((-2)/5)/(d/55). Calculate the remainder when 65 is divided by (-68)/(-10)*55/r.
14
Let x(o) = 2*o + 8. Let s be x(6). Let q = s - 14. What is the remainder when 9 is divided by q?
3
Let c be 33/(-12) + (-1)/4 - -1. Calculate the remainder when (3/18*-4)/(c/117) is divided by 20.
19
Suppose -2*c + 0*c + 2*n = -62, -3*c + 5*n = -83. What is the remainder when 898 is divided by c?
34
Let u(m) = m**2 + 2*m + 25. Suppose 4*r + 5*k = -29, -r = 2*k - 3*k + 14. Let g be u(r). Let n = g - 80. What is the remainder when n is divided by 15?
14
Suppose s + 4*z + 83 = 0, -2*s + 91 = -3*s + 4*z. Let x = 90 + s. What is the remainder when 20 is divided by x?
2
Let d(u) = -u**3 - 13*u**2 - 13*u + 12. Let y(s) = 4*s**3 + 48*s**2 - 9*s + 9. Calculate the remainder when y(-12) is divided by d(-12).
21
Let b = 186 + 19. What is the remainder when b is divided by 13?
10
Let m(t) = t**2 + 11*t - 28. Let f be m(-12). Let i(l) = l**3 + 6*l**2 + l - 3. What is the remainder when i(-4) is divided by 12/f - (-39)/4?
7
Let u(p) = -p**2 + 6*p + 1. Let x be u(7). Let a = x + 10. What is the remainder when a is divided by 8/2 - 3 - 1/(-1)?
0
Let n(v) = -v**2 + 8*v - 9. Let i be n(6). Suppose 0 = -2*k - 2*s + 70, 7*s = i*k + 3*s - 112. Let o = -17 + k. What is the remainder when 73 is divided by o?
16
Let i(k) = 6*k**3 - k**2 + k - 1. Let s be i(1). Let f(w) = -w**3 + 7*w**2 - 2*w - 12. Calculate the remainder when 53 is divided by f(s).
25
Let m(j) = j**2 - 18*j - 32. Let s be m(20). Suppose s*o - 842 + 178 = 0. Calculate the remainder when o is divided by 6.
5
Let q = -1629 + 2091. Calculate the remainder when q is divided by 52.
46
Let h = 2 - -6. Suppose -6*z - 49 + 79 = 0. What is the remainder when h is divided by z?
3
Let o = 676 + -657. Let x = 2 - -3. Suppose -28 = -x*i + 7. Calculate the remainder when o is divided by i.
5
Let x = -37 - -40. Let b(t) = -t. Let n be b(-4). Suppose v + n + 8 = r, 4*r - 53 = x*v. Calculate the remainder when r is divided by 6.
5
Suppose -4 - 2 = 3*k. Suppose 5*r = 9*r + 24. Let h = k - r. What is the remainder when 13 is divided by h?
1
Suppose 73*k - 5516 = -2085. Suppose -100 + 520 = 4*p. Suppose 5*q = p + 20. What is the remainder when k is divided by q?
22
Suppose 4*v + 4*t = 28, 19 = 4*v + 3*t - 6. Calculate the remainder when (-23)/(-4) - 2/(-8) - 1 is divided by v.
1
Suppose 209*l - 217*l = -656. Calculate the remainder when 265 is divided by l.
19
Suppose -7*l - c = -11*l + 148, -2*l = 3*c - 60. Calculate the remainder when l is divided by 26.
10
Let p(l) be the second derivative of -l**3/2 - 11*l**2 + 9*l. What is the remainder when p(-9) is divided by 4?
1
Let d = 1502 - 1497. What is the remainder when 107 is divided by d?
2
Let t(s) = -5*s**2 + 25*s + 7. Suppose 3*a = -0*a + 6. Calculate the remainder when t(5) is divided by a.
1
Let g be (-20)/(-15)*3/2. Let s(h) = h**3 - 16*h**2 + 19*h - 5. Calculate the remainder when s(15) is divided by 128/9 + g/(-9).
13
Suppose 27*i + 160 = 32*i. What is the remainder when (0 + -1)/(1/(-95)) is divided by i?
31
Let z(p) be the first derivative of p**3/3 + 5*p**2 + p - 16. Calculate the remainder when 99 is divided by z(-12).
24
Let h be -1 - -5 - 57/3. Suppose 0 = 3*t - 0*t - 57. Let l = t + h. Calculate the remainder when l is divided by 3.
1
What is the remainder when 37 is divided by (828/230)/(3/10)?
1
Let i(j) = -j**3 - 3*j**2 + j + 4. Let t be i(-3). Let k be 1 + (-1 + 2)*t. Suppose -2*g + 8 = -k. Calculate the remainder when g is divided by 2.
1
What is the remainder when 141/235 + 432/5 is divided by 24?
15
Let d be (-3 - -3) + -3 - -262. Suppose h = -6*h + d. Calculate the remainder when h is divided by 13.
11
Suppose 140 = o + 6*o. Calculate the remainder when o is divided by (-12)/5*(-30)/12.
2
Let u(o) = -3*o**3 + 6*o**3 + 11*o - 4*o**3 - 12*o + 5*o**2 + 7. Let l be u(5). Suppose 7*s - l*s - 135 = 0. What is the remainder when s is divided by 6?
3
Suppose -5*y - 4*j + 51 = 0, -2*y - 2*y + 42 = 2*j. Suppose 2*v = 2*h + 14, -5*h + y = -3*v + 34. What is the remainder when 40 is divided by v?
4
Let m = 133 - 85. Let x be 1/2*66/(-11). Calculate the remainder when m is divided by -2 - (x - (24 + 0)).
23
Suppose 1016 - 71 = 27*n. Suppose 5*x - 3*x - 26 = 0. Calculate the remainder when n is divided by x.
9
Suppose 72*q - 74*q + 1038 = 0. What is the remainder when q is divided by 65?
64
Let y(a) = -a**2 - 9*a + 4. Let i = -42 - -30. What is the remainder when (-172)/(-6)*i/(-8) is divided by y(-6)?
21
Let w(g) = -2*g + 71. What is the remainder when 35 is divided by w(26)?
16
Suppose 3*p - 5*p + 238 = 0. Let z = p + -72. Calculate the remainder when z is divided by 24.
23
Suppose 3*c - 14 = 2*d, 0*d = -3*c + 5*d + 17. Suppose -c*a = t - 11, 5*a - 19 = -6*t + 3*t. Calculate the remainder when 5 is divided by a.
1
Let x be 32/6*99/22. Suppose 3*f = 3*d - x, -2*d - d = -2*f - 21. Suppose 74 + 21 = d*p. What is the remainder when p is divided by 5?
4
Suppose 2*s - 80 - 42 = 0. Calculate the remainder when 121 is divided by s.
60
Let n be (-3)/(6 + -3) + 8. Suppose -3*v + 5*r + 254 = 0, -2*v = -n*v + 5*r + 420. Let t = 24 - 3. Calculate the remainder when v is divided by t.
20
Let j = -54 + 166. Let v = 62 - 33. Calculate the remainder when j is divided by v.
25
Suppose 0 = -4*l + 20, 2*p + l = -l + 18. Suppose 3*n = 3*m + 2*n - 206, -p*n = 3*m - 196. What is the remainder when m is divided by 9?
5
Let s be 4/6*(-4)/(-16)*6. Let q(k) = 10*k**2 + k. What is the remainder when 131 is divided by q(s)?
10
Suppose 2*z + 3 = 11. Suppose 3*s + 3 = o, -z*o - s + 21 = -4*s. Suppose -q + 4*w = -31, -3*w - 21 = -q + o. Calculate the remainder when 42 is divided by q.
12
Suppose 9*x + 72 = 5*x. Let t be 1*25 - x/6. Suppose -n + 5*n = t. Calculate the remainder when n is divided by 3.
1
Let g be 280/32 + (-10)/(-8). Let u(d) = d**2 - 10*d - 1. Let r be u(g). Calculate the remainder when 4 + (14 - (r - 2)) is divided by 6.
3
Suppose -4*n = -2*l + 10, 10 + 19 = 4*l + n. Suppose 0*j = 2*j - s + l, 3*j - 5*s = -14. Calculate the remainder when (1/2)/(j/(-18)) is divided by 1.
0
Suppose 0 = 19*b - 23*b + 24. Suppose -4*k = 5*h - 92, -4*h - 15 = 5*k - 130. Let d = k - 14. What is the remainder when d is divided by b?
3
Let x be 22/99 - (-58)/(-18). What is the remainder when x + ((-6)/(-9))/((-6)/(-99)) is divided by 4?
0
Let r(p) = 18*p - 31. Let u be r(8). Suppose 6*x + 11 = u. Calculate the remainder when 84 is divided by x.
16
Let k be (1 - -2)*(-1 + 0) - -14. Suppose 31*j = 30*j + k. Calculate the remainder when 38 is divided by j.
5
Let f(c) = c**3 + 21*c**2 - 23*c + 7. Calculate the remainder when 78 is divided by f(-22).
20
Suppose 3*x - q = 120, 4*x - 4*q + 7*q = 160. What is the remainder when x is divided by 6?
4
Let p(q) = -2*q**2 - 53*q + 243. Calculate the remainder when p(-30) is divided by 8.
1
Let i(k) = 5*k - 14. Let t(n) = n**2 - 4*n - 27. Let o be t(8). Calculate the remainder when 25 is divided by i(o).
3
Let l be (-108)/27 - (-5 - 1). Suppose 2*k - k - 19 = -l*t, -3*k + 3*t + 84 = 0. Calculate the remainder when k is divided by 2/(-7) - 93/(-7).
12
Let c(k) = k**2 + 21*k + 72. C